7*h + 2. Calculate k(-8).
-6
Let z(n) = -n**3 - 15*n**2 - n - 3. Give z(-15).
12
Let h(c) = c**2 + 14*c + 7. What is h(-13)?
-6
Let q(o) = o**2 - 13*o - 32. Determine q(18).
58
Let c(v) = v + 2. Give c(-10).
-8
Let h(t) = t**3 - 35*t**2 - 36*t - 11. What is h(36)?
-11
Let t(v) = -49*v - 19. Give t(-1).
30
Let i(v) = 31*v + 8. Give i(-3).
-85
Let q(b) = b**2 + 11*b - 11. Give q(-11).
-11
Let q(g) = 6*g**3 + 2*g**2 - 3*g + 8. What is q(3)?
179
Let q(s) = s - 45. Calculate q(11).
-34
Let f(h) = -h**3 - 3*h**2 + 9*h + 2. What is f(-6)?
56
Let v(a) = a - 15. Determine v(7).
-8
Let c(w) = w**2 + w - 22. Calculate c(0).
-22
Let d(o) = -4*o**2 - 10*o. Determine d(-3).
-6
Let p(r) = -11*r - 52. What is p(-5)?
3
Let n(l) = l**2 - 14*l - 33. Calculate n(16).
-1
Let i(j) = j**3 - 6*j**2 + 4*j. What is i(5)?
-5
Let r(h) = -h**2 - 4*h - 2. Determine r(-5).
-7
Let f(c) = 2*c - 16. Calculate f(7).
-2
Let z(o) = -o**3 - 10*o**2 + 3*o + 3. Determine z(-10).
-27
Let x(k) = k**3 + 15*k**2 + 29*k - 64. What is x(-12)?
20
Let v(k) = -15*k - 2. What is v(-2)?
28
Let t(m) = m**2 - 3*m. Determine t(3).
0
Let h(v) = 3*v + 75. What is h(5)?
90
Let r(f) = -4*f**2 + 32*f - 5. What is r(8)?
-5
Let p(m) = -m**3 + 5*m**2 - 6*m + 5. Give p(3).
5
Let k(r) = 7*r + 30. Calculate k(1).
37
Let i(o) = o**2 - 7*o - 24. Determine i(11).
20
Let s(o) = -2*o - 7. Determine s(0).
-7
Let a(o) = -o + 1. What is a(7)?
-6
Let p(b) = 30*b**3 - 2*b**2 + 1. Give p(-1).
-31
Let t(k) = k**2 - k - 5. What is t(-3)?
7
Let q(j) = 29*j**3 - 2*j**2 - 2*j. What is q(-1)?
-29
Let o(w) = 2*w**2 + 80*w - 86. Determine o(-41).
-4
Let d(p) = -p - 11. Determine d(13).
-24
Let c(t) = -3*t + 67. What is c(24)?
-5
Let x(c) = -c**2 - c + 7. Calculate x(4).
-13
Let d(z) = 4*z + 21. Determine d(-9).
-15
Let i(w) = -3*w + 62. Determine i(23).
-7
Let r(z) = -z**3 - 6*z**2 + 5*z + 2. Calculate r(-6).
-28
Let u(m) = -4*m - 10. Calculate u(-6).
14
Let j(o) = -o**3 + 17*o**2 + 58*o + 34. Calculate j(20).
-6
Let p(t) = -t**3 - 10*t**2 + 12*t + 3. Determine p(-11).
-8
Let m(l) = -2*l**2 - 2*l + 1. What is m(-3)?
-11
Let h(p) = p - 5. Give h(-9).
-14
Let x(p) = p**3 + 5*p**2 - 5*p + 10. Determine x(-7).
-53
Let k(a) = a**3 + 11*a**2 + 12*a - 6. Calculate k(-9).
48
Let d(l) = 4*l + 16. Calculate d(-7).
-12
Let t(r) = -5*r - 34. Give t(-8).
6
Let t(k) = k**3 + 5*k**2 + 4*k + 12. Determine t(-5).
-8
Let g(x) = -x**2 - 25*x - 40. Determine g(-19).
74
Let m(w) = -3*w + 28. What is m(17)?
-23
Let r(h) = 2*h**3 - 14*h**2 - 12*h - 26. Calculate r(8).
6
Let q(s) = -10*s - 1. Calculate q(-1).
9
Let q(s) = -s**2 + 10*s - 21. What is q(8)?
-5
Let z(g) = -61*g**2. Determine z(1).
-61
Let o(n) = n - 8. What is o(5)?
-3
Let n(p) = p + 7. What is n(-6)?
1
Let z(h) = -6*h**3 + h**2 + 3*h + 1. What is z(-2)?
47
Let b(l) = 8*l**3 + 111*l**2 - 15*l - 4. What is b(-14)?
10
Let b(f) = -29*f**3 - 1. Calculate b(-1).
28
Let y(o) = 11*o**2 + 4*o - 5. Give y(1).
10
Let u(h) = -3*h + 32. Calculate u(9).
5
Let t(q) = -10*q**2 + 4*q + 2. Calculate t(-2).
-46
Let h(r) = -r**3 + 9*r**2 - 12*r + 28. Give h(8).
-4
Let y(f) = -f**3 - 2*f**2 - f + 25. Calculate y(0).
25
Let c(x) = x**3 - 7*x**2 + 14*x - 40. Determine c(6).
8
Let n(j) = j**3 + 5*j**2 + 5*j - 4. Determine n(-6).
-70
Let b(u) = 16*u**3 - 4*u**2 + 4*u + 1. What is b(1)?
17
Let x(a) = a**2 + 21*a + 91. Determine x(-13).
-13
Let t(s) = s**3 + s + 6. Give t(0).
6
Let y(a) = -7*a - 30. What is y(-7)?
19
Let y(i) = -i**3 + 8*i**2 - 5*i + 5. What is y(6)?
47
Let u(h) = -h**2 + 2*h + 35. Give u(6).
11
Let r(t) = 4*t + 33. Determine r(-11).
-11
Let c(l) = l**2 - 6*l - 11. Give c(11).
44
Let c(l) = -l**2 + 22*l - 13. Calculate c(20).
27
Let j(t) = -t**3 - 2*t**2 + 84*t + 35. What is j(-10)?
-5
Let p(g) = -2*g + 21. Determine p(5).
11
Let x(o) = 11*o - 19. Determine x(9).
80
Let r(a) = 3*a - 9. Calculate r(8).
15
Let y(d) = d**3 + 27*d**2 + d + 20. Calculate y(-27).
-7
Let q(y) = 4*y**3 - 4*y**2 + 6*y - 8. What is q(2)?
20
Let j(x) = -4*x**2 - 4*x - 5. Determine j(-2).
-13
Let d(n) = 3*n - 19. Calculate d(6).
-1
Let d(n) = -15*n - 23. Calculate d(-5).
52
Let t(f) = f**3 + 9*f**2 + f - 11. Give t(-7).
80
Let p(h) = -78*h - 852. Give p(-11).
6
Let v(o) = o**2 - 8*o + 28. What is v(7)?
21
Let k(y) = y**2 + 9*y - 26. What is k(-10)?
-16
Let u(x) = x**2 + 4*x - 2. What is u(-6)?
10
Let h(z) = 16*z + 12. Give h(-1).
-4
Let j(r) = -r**2 + 47*r + 161. Give j(-3).
11
Let a(b) = b**3 - 52*b**2 + 145*b + 101. Calculate a(49).
3
Let a(d) = -3*d - 26. Determine a(8).
-50
Let u(t) = 2*t**2 - 5*t + 3. Determine u(3).
6
Let q(h) = 147*h - 578. Give q(4).
10
Let p(j) = j - 18. Give p(-19).
-37
Let s(v) = -v**3 + 3*v**2 + 3*v + 5. Give s(4).
1
Let y(r) = 13*r - 70. Determine y(7).
21
Let x(r) = -20*r + 43. Calculate x(3).
-17
Let v(d) = d**3 + 13*d**2 + 14*d + 29. What is v(-12)?
5
Let b(j) = j**2 - 9*j. What is b(9)?
0
Let p(w) = 10*w - 2. What is p(2)?
18
Let h(i) = i**2 - 5*i + 23. Give h(4).
19
Let p(v) = v + 7. Give p(-5).
2
Let j(f) = f**3 + 6*f**2 + 3*f - 3. Determine j(-2).
7
Let r(y) = -2*y - 54. Determine r(-26).
-2
Let l(u) = 6*u**2 + 3*u. Give l(-2).
18
Let c(w) = 2*w**2 - 84*w + 76. What is c(41)?
-6
Let y(a) = a**2 + 21*a + 112. Give y(-13).
8
Let c(l) = -2*l**2 - 2*l - 11. Determine c(0).
-11
Let i(a) = -a**2 - 26*a + 5. Give i(-26).
5
Let o(n) = 2*n**3 + 2*n**2 - 4. What is o(-3)?
-40
Let f(i) = -3*i + 32. Give f(7).
11
Let b(j) = -j - 17. Determine b(-9).
-8
Let x(y) = -10*y**3 - 2*y**2 + 1. Calculate x(1).
-11
Let h(u) = -u**2 - 7*u. What is h(-8)?
-8
Let c(l) = -26*l + 14. Calculate c(1).
-12
Let j(i) = -6*i - 58. Determine j(-9).
-4
Let q(d) = -d + 2. Calculate q(10).
-8
Let n(a) = -3*a + 87. Give n(29).
0
Let c(s) = -s + 5. Give c(4).
1
Let z(g) = g - 6. What is z(-5)?
-11
Let i(w) = w**2 - 10*w + 4. Determine i(14).
60
Let a(r) = -3*r**2 - 44*r + 64. Give a(-16).
0
Let r(k) = -k**3 + k**2 + 305*k + 29. Calculate r(18).
11
Let n(f) = f**2 - 18*f + 19. Calculate n(17).
2
Let j(g) = -g**3 + 14*g**2 - 50*g + 5. Calculate j(8).
-11
Let o(w) = -w**3 + 6*w**2 + 19*w - 28. Give o(8).
-4
Let q(z) = z**3 - 3*z**2 + z + 2. Give q(3).
5
Let s(q) = 2*q - 16. Give s(14).
12
Let o(y) = -y**3 + 8*y**2 + 5*y - 3. Calculate o(4).
81
Let x(y) = y**3 + 5*y**2 - 6*y + 10. Determine x(-6).
10
Let l(f) = f**3 + 7*f**2 + 5*f + 31. Calculate l(-7).
-4
Let r(o) = 7*o**3 - o**2 + 1. What is r(1)?
7
Let m(u) = 187*u - 368. Calculate m(2).
6
Let n(l) = -l**3 + 7*l**2 - 11*l - 13. Calculate n(4).
-9
Let o(d) = 2*d**2 + d + 2. Calculate o(-2).
8
Let k(r) = -r**2 + 12*r + 1. Determine k(9).
28
Let f(u) = u**3 + 4*u**2 - 13*u - 3. Calculate f(-6).
3
Let v(f) = f**3 - 8*f**2 - f + 2. Give v(7).
-54
Let b(t) = t**3 - 15*t**2 - 17*t + 13. Calculate b(16).
-3
Let n(u) = u**2 - 28*u + 29. What is n(20)?
-131
Let u(k) = -k**2 + 16*k + 24. What is u(18)?
-12
Let s(b) = -7*b + 36. What is s(5)?
1
Let t(l) = l**3 + 8*l**2 + 9*l - 13. Determine t(-6).
5
Let b(z) = 2*z**2 + 10*z - 4. What is b(-5)?
-4
Let v(x) = 2*x**2 - 19*x + 2. Determine v(8).
-22
Let k(x) = -14*x + 118. Give k(9).
-8
Let f(a) = a**3 + 6*a**2 - 7*a + 1. Calculate f(-8).
-71
Let k(z) = -12*z**2 - z + 4. What is k(-2)?
-42
Let q(g) = -g - 6. Give q(8).
-14
Let w(g) = 8*g - 44. Calculate w(5).
-4
Let k(v) = v**2 + 8. Give k(-6).
44
Let d(u) = -12*u**2 - 3*u - 7. Determine d(-3).
-106
Let z(s) = -s**3 + 23*s**2 + 77*s - 2. Give z(-3).
1
Let f(k) = -k**3 + 4*k**2 - k - 4. Determine f(4).
-8
Let t(r) = -r**3 - 12*r**2 + 31*r + 41. Give t(-14).
-1
Let y(q) = -q**2 + 66*q + 852. Calculate y(-11).
5
Let i(l) = 7*l - 5. Give i(2).
9
Let c(g) = 51*g - 86. Calculate c(2).
16
Let t(w) = -10*w + 6. What is t(-3)?
36
Let y(r) = -r**3 + 24*r**2 + r - 17. Give y(24).
7
Let m(p) = p**3 - 13*p**2 - 20*p + 84. Calculate m(14).
0
Let t(k) = 4*k**2 + k - 1. Determine t(-3).
32
Let b(i) = -4*i**3 + 2*i**2 - 2*i + 1. Determine b(1).
-3
Let m(w) = w - 29. Calculate m(-16).
-45
Let p(t) = -t**3 - 4*t**2 - t + 2. Calculate p(-5).
32
Let w(d) = -d**3 - 5*d**2 - 4*d + 5. Give w(-4).
5
Let n(z) = 3*z**3 + 2*z**2 + 7*z + 1. Give n(-3).
-83
Let i(k) = -k**3 - 3*k**2 - 3*k + 2. Calculate i(-4).
30
Let z(a) = -a**2 - 10*a - 13. What is z(-7)?
8
Let i(d) = d**3 - d**2 - 9*d - 2. Determine i(-5).
-107
Le